2 + 2*g - 4. Determine l(2).
-16
Let s(a) = -a**2 + 9*a - 13. What is s(8)?
-5
Let i(h) = h - 35. Calculate i(-2).
-37
Let z(k) = -11*k - 156. Determine z(-13).
-13
Let x(s) = -2*s**2 - 11*s + 4. Give x(-6).
-2
Let j(h) = -h**2 + 64*h - 833. Calculate j(18).
-5
Let h(r) = -14*r**2 - 4*r - 11. Determine h(-2).
-59
Let i(b) = 3*b**2 - 9*b + 10. Determine i(6).
64
Let h(d) = -10*d + 29. Determine h(-16).
189
Let r(h) = 14*h - 296. What is r(21)?
-2
Let q(x) = x**3 - 8*x**2 + 17*x + 18. What is q(8)?
154
Let l(q) = -q**3 - q**2 + 6*q. Give l(0).
0
Let q(m) = 9*m**2 - 2*m + 1. What is q(1)?
8
Let o(n) = n**3 - n**2 - 16*n + 1. Give o(-5).
-69
Let h(z) = -23*z**2 + 6. Determine h(2).
-86
Let o(j) = -3*j**2 + 3*j + 3. Determine o(-3).
-33
Let v(a) = a**3 + 19*a**2 - 2*a - 35. Give v(-19).
3
Let z(o) = -10*o**2 - 8*o - 2. Determine z(-3).
-68
Let s(g) = -2*g**2 + 124*g + 130. Determine s(63).
4
Let n(c) = c**3 - c - 23. Determine n(0).
-23
Let z(l) = -2*l**3 - 12*l**2 + 13*l - 2. Determine z(-7).
5
Let i(l) = -3*l**3 + l**2 - 2*l + 1. Calculate i(1).
-3
Let t(a) = -a**3 - 10*a**2 + 10*a - 8. Determine t(-11).
3
Let p(d) = -d**2 - d + 22. What is p(0)?
22
Let j(y) = 20*y - 2. Calculate j(-1).
-22
Let b(f) = -f**2 - 10*f - 9. Give b(-10).
-9
Let c(j) = j**3 + 10*j**2 - 25*j - 29. Determine c(-12).
-17
Let c(i) = -3*i + 21. Determine c(10).
-9
Let b(d) = -8*d - 404. Determine b(-51).
4
Let j(d) = d**3 + 4*d**2 - 4*d + 1. Calculate j(-4).
17
Let w(i) = -i**3 - 2*i**2 + 4*i + 7. What is w(-3)?
4
Let z(n) = n**3 + 3*n**2 - 3*n + 1. Calculate z(-3).
10
Let k(m) = -7*m**2 - 66*m - 15. Determine k(-9).
12
Let z(g) = 10*g**3 - 1. Calculate z(-1).
-11
Let w(m) = -m**2 + 7*m - 21. What is w(8)?
-29
Let q(p) = p**2 - 12*p - 31. Calculate q(14).
-3
Let o(a) = a**2 + 3*a - 36. What is o(4)?
-8
Let r(f) = 20*f - 12. Calculate r(4).
68
Let x(m) = -m - 3. Calculate x(-15).
12
Let n(x) = 29*x**2 + 3*x - 2. Determine n(1).
30
Let h(y) = y**3 - 23*y**2 + 22*y - 12. What is h(22)?
-12
Let m(a) = a**3 + a**2 + 12. Determine m(-3).
-6
Let c(t) = t**3 - 6*t**2 - 8*t + 7. Calculate c(7).
0
Let h(a) = a**3 - 6*a**2 + 10*a - 16. Give h(4).
-8
Let t(l) = -l**3 - 4*l**2 + 2*l + 5. Give t(-2).
-7
Let c(o) = -o**2 + 25*o + 58. What is c(27)?
4
Let j(t) = -t**3 + 12*t**2 + 30*t - 19. Give j(14).
9
Let k(n) = -14*n + 28. Determine k(6).
-56
Let u(n) = n**3 + 5*n**2 - n - 17. What is u(-7)?
-108
Let s(v) = 6*v**2 + 2*v - 2. Give s(-3).
46
Let f(w) = 20*w**2 - 8*w - 20. Determine f(-2).
76
Let b(w) = w**3 - 31*w**2 + 32*w - 59. What is b(30)?
1
Let u(c) = -4*c - 3. Give u(-6).
21
Let m(d) = 17*d**2 - 2*d + 1. Calculate m(-3).
160
Let j(u) = -u**2 + 11*u - 22. Give j(9).
-4
Let c(z) = -2*z - 3. Determine c(0).
-3
Let f(z) = 198*z**2 + 2. Determine f(1).
200
Let i(f) = -f**3 - 8*f**2 - 8*f - 3. Give i(-7).
4
Let v(g) = -g**2 - 31*g - 91. Calculate v(-28).
-7
Let x(d) = -2*d**2 + 40*d - 15. Calculate x(20).
-15
Let u(y) = -y**2 + 17*y - 12. Give u(12).
48
Let h(b) = -b - 12. Give h(-6).
-6
Let k(o) = 12*o + 9. What is k(13)?
165
Let b(x) = x**2 + 34*x + 9. Give b(-33).
-24
Let a(y) = -2*y**2 - 5*y. Give a(-3).
-3
Let o(n) = -n**3 - 14*n**2 + 14*n - 6. Determine o(-15).
9
Let h(n) = -63*n + 245. What is h(4)?
-7
Let b(x) = -x**3 - 5*x**2 + 6*x - 16. Calculate b(-7).
40
Let t(p) = 18*p + 9. What is t(-6)?
-99
Let y(h) = -h - 1. Give y(2).
-3
Let s(m) = m**2 - 25*m + 50. What is s(23)?
4
Let k(z) = -z**3 + 8*z**2 - 5. Calculate k(8).
-5
Let s(n) = -16*n + 2. Give s(-2).
34
Let f(w) = -2*w**2 + 5*w - 3. Determine f(3).
-6
Let m(y) = -3*y + 4. Determine m(4).
-8
Let m(y) = y**2 + 6*y + 1. Calculate m(-7).
8
Let v(w) = 6*w + 15. What is v(-7)?
-27
Let s(i) = -2*i**3 + 89*i**2 + 45*i - 8. Calculate s(45).
-8
Let u(a) = a - 15. Determine u(6).
-9
Let c(s) = -s**2 - s - 20. Determine c(-8).
-76
Let a(m) = -3*m - 27. Calculate a(-7).
-6
Let n(q) = 2*q**2 - 8*q - 2. Determine n(8).
62
Let x(m) = -m - 6. What is x(5)?
-11
Let i(g) = -2*g**3 - 3*g**2 + 2*g + 4. Determine i(-2).
4
Let t(m) = m**2 + 8*m + 6. What is t(-8)?
6
Let x(t) = t**3 - 23*t**2 + 13*t + 182. Determine x(22).
-16
Let w(l) = 12*l + 17. What is w(7)?
101
Let y(j) = -31*j - 73. Give y(-9).
206
Let x(z) = -6*z**3 + 2*z**2 - 2*z + 1. What is x(1)?
-5
Let n(l) = -l - 1. Give n(3).
-4
Let t(p) = -2*p + 6. Determine t(4).
-2
Let g(w) = 2*w**3 - 4*w**2 + w - 3. Calculate g(3).
18
Let i(j) = -j**3 - 7*j**2 - 7*j + 6. What is i(-6)?
12
Let n(l) = -5*l**2 - 37*l - 45. Give n(-6).
-3
Let d(g) = -g**3 - 15*g**2 + 2*g - 2. Give d(-15).
-32
Let w(q) = 4*q + 5. What is w(-2)?
-3
Let n(m) = m**2 - 10*m. Calculate n(8).
-16
Let c(n) = 19*n**2 + n - 2. Calculate c(1).
18
Let k(g) = 15*g**3 + 1. What is k(-1)?
-14
Let n(x) = x + 19. What is n(-16)?
3
Let w(f) = -f**2 + 8*f + 6. Calculate w(8).
6
Let c(y) = y**3 + 6*y**2 - 27*y - 8. Give c(-9).
-8
Let p(d) = d - 1. Determine p(-1).
-2
Let f(j) = -49*j - 402. Determine f(-9).
39
Let t(n) = n**3 - 13*n**2 - 20*n - 33. Calculate t(15).
117
Let q(y) = -y**3 + 2*y**2 + 10. Give q(0).
10
Let t(d) = -12*d + 1. Give t(3).
-35
Let a(m) = m**2 + 13*m + 16. Give a(-12).
4
Let t(g) = g**2 + 8*g - 5. Calculate t(-4).
-21
Let y(r) = -6*r - 71. Give y(-12).
1
Let f(y) = -y**3 + 15*y**2 + 4*y + 10. What is f(15)?
70
Let j(x) = -2*x + 28. What is j(19)?
-10
Let o(g) = -g**3 - 6*g**2 - 3*g - 6. Give o(-5).
-16
Let o(s) = 2*s**2 - 8*s + 4. Determine o(6).
28
Let d(z) = -z**3 + 2*z**2 + 20*z - 45. Give d(0).
-45
Let w(j) = -j**3 + j**2 + 6*j - 1. Calculate w(-2).
-1
Let h(k) = 47*k + 120. Give h(-3).
-21
Let x(v) = v**3 - 30*v**2 + v - 38. What is x(30)?
-8
Let s(y) = -3*y - 11. Give s(-18).
43
Let m(n) = 8*n - 3. Calculate m(2).
13
Let l(p) = p + 4. Determine l(0).
4
Let n(j) = j**2 + 7*j + 8. Give n(-4).
-4
Let p(c) = -c + 3. Give p(5).
-2
Let y(l) = -5*l - 142. Determine y(-30).
8
Let p(m) = -m + 3. Give p(-3).
6
Let a(g) = -g**2 + 16*g + 16. What is a(17)?
-1
Let z(x) = x**2 - 6*x - 3. Determine z(7).
4
Let y(u) = -2*u**2 + 8*u + 2. Determine y(0).
2
Let s(d) = -d**2 + 6*d - 3. Calculate s(4).
5
Let c(g) = -13*g - 138. Give c(-9).
-21
Let u(f) = -3*f**2 + 5*f + 3. Give u(-1).
-5
Let j(o) = -o**2 + 8*o + 36. Give j(11).
3
Let o(g) = 6*g + 1. Determine o(-6).
-35
Let l(z) = -12*z - 5. What is l(-3)?
31
Let j(s) = 11*s - 51. What is j(5)?
4
Let n(f) = 4*f + 119. What is n(-28)?
7
Let f(d) = -9*d - 59. What is f(-7)?
4
Let p(h) = h**3 + 10*h**2 + 2*h + 17. Give p(-10).
-3
Let n(o) = -o**3 + 3*o**2 - 3. Calculate n(3).
-3
Let p(f) = -6*f - 72. Calculate p(-16).
24
Let n(i) = 5*i**2 + 2*i - 3. Calculate n(2).
21
Let j(t) = 2*t**3 - 3*t**2 - t + 1. Determine j(3).
25
Let f(n) = -n**3 - 3*n**2 - 36. What is f(0)?
-36
Let k(l) = -l**3 + 10*l**2 + 12*l + 3. Calculate k(11).
14
Let w(s) = 2*s**2 + s - 4. Calculate w(1).
-1
Let m(q) = 5*q**2. Give m(1).
5
Let l(z) = 2*z + 15. Calculate l(-12).
-9
Let o(f) = -14*f**2 + 87*f - 19. Give o(6).
-1
Let v(y) = -y**3 - 22*y**2 + 46*y - 33. What is v(-24)?
15
Let h(r) = r**2 - 2*r - 9. Determine h(-3).
6
Let b(s) = 4*s - 9. Give b(6).
15
Let y(s) = 2*s**3 + s**2. Determine y(-2).
-12
Let q(r) = 69*r**2 + 3*r - 1. Calculate q(1).
71
Let k(n) = n**2 + 23*n + 23. Calculate k(-22).
1
Let y(o) = -o**2 + 12*o - 8. Determine y(11).
3
Let i(m) = 4*m + 2. Calculate i(1).
6
Let r(i) = 9*i**2 - 19*i + 42. What is r(2)?
40
Let w(z) = -z**3 - 11*z**2. Give w(-11).
0
Let t(y) = y**3 - 8*y**2 + 6*y + 3. Calculate t(6).
-33
Let d(b) = b**2 - 4*b - 7. Give d(5).
-2
Let q(i) = 3*i - 63. Determine q(21).
0
Let g(b) = -9*b - 342. Give g(-37).
-9
Let s(u) = -3*u - 18. Calculate s(-4).
-6
Let p(o) = -4*o + 21. What is p(12)?
-27
Let n(k) = -k**2 + 25*k + 30. Determine n(26).
4
Let n(a) = 18*a + 66. Calculate n(6).
174
Let p(k) = -k**3 - 4*k**2 + 17*k + 6. Determine p(-7).
34
Let p(t) = 5*t**3 + 57*t**2 + 22*t + 12. Calculate p(-11).
12
Let q(r) = 13*r**2 + r - 1. Determine q(1).
13
Let t(y) = 3*y + 13. Give t(-7).
-8
Let l(b) = b - 9. Calculate l(6).
-3
Let p(q) = 3*q - 17. What is p(3)?
-8
Let d(h) = -h**3 - 10*h**2 - 8*h + 11. Determine d(-9).
2
Let s(f) = -f**3 + 22*f**2 + 3*f - 28. Give s(22).
38
Let q(n) = 4*n**2 + 4*n + 4. What is q(2)?
28
Let z(n) = -n**3 - 2*n**2 - n + 1. What is z(-2)?
3
Let l(x) =